{"id":2,"date":"2011-07-19T23:28:55","date_gmt":"2011-07-20T05:28:55","guid":{"rendered":"http:\/\/valdescasociados.com\/blog\/?page_id=2"},"modified":"2011-11-02T11:27:21","modified_gmt":"2011-11-02T17:27:21","slug":"pagina-ejemplo","status":"publish","type":"page","link":"https:\/\/valdescasociados.com\/?page_id=2","title":{"rendered":"Quienes Somos"},"content":{"rendered":"<p><strong>S<\/strong>omos<strong>\u00a0<\/strong>una firma de abogados dedicada a la consultor\u00eda y representaci\u00f3n legal de excelente calidad y con altos est\u00e1ndares profesionales que nos permiten ofrecerle a nuestros clientes un servicio eficiente y eficaz, sin importar su locaci\u00f3n. Desde 1976, nos regimos sujetos a los valores de integridad, honestidad y justicia que nos han colocado como uno de los despachos m\u00e1s prestigiosos del Estado de Chihuahua y del Pa\u00eds.<\/p>\n<p>&nbsp;<\/p>\n<p><strong>Vald\u00e9s Caraveo y Asociados S.C.<\/strong>\u00a0forma parte de una eficiente y profesional red de firmas de abogados con presencia en las principales ciudades de M\u00e9xico, tales como Monterrey, Ciudad de M\u00e9xico, Guadalajara y Tijuana, entre otras. Nuestros corresponsales son firmas de abogados que cuentan con una amplia y reconocida trayectoria y prestigio que nos permiten contar con la posibilidad\u00a0 de ofrecer servicios legales con excelentes relaciones locales en otras ciudades.<\/p>\n<p>Al tener mas de 30 a\u00f1os establecidos en las principales ciudades del Estado, tenemos amplio conocimiento de los requisitos necesarios para hacer negocios de cualquier tipo, adem\u00e1s de tener experiencia internacional que nos impulsa a conocer diferentes culturas e idiomas para poder brindar un servicio personalizado a cada uno de nuestros clientes .<\/p>\n<p><strong>N<\/strong>uestra Misi\u00f3n<\/p>\n<p>Ser un despacho l\u00edder al proveer a nuestros clientes la mas alta calidad de consultor\u00eda legal desde un punto de vista practico y comercialmente viable, pero sin perder la honorabilidad y discreci\u00f3n que nos constituye. Adem\u00e1s de contar con un personal capacitado para enfrentar cualquier tipo de situaci\u00f3n y prestar un excelente servicio.<\/p>\n<p>&nbsp;<\/p>\n","protected":false},"excerpt":{"rendered":"<p>Somos\u00a0una firma de abogados dedicada a la consultor\u00eda y representaci\u00f3n legal de excelente calidad y con altos est\u00e1ndares profesionales que nos permiten ofrecerle a nuestros clientes un servicio eficiente y eficaz, sin importar su locaci\u00f3n. Desde 1976, nos regimos sujetos a los valores de integridad, honestidad y justicia que nos han colocado como uno de [&hellip;]<\/p>\n","protected":false},"author":2,"featured_media":0,"parent":0,"menu_order":1,"comment_status":"closed","ping_status":"closed","template":"","meta":{"footnotes":""},"class_list":["post-2","page","type-page","status-publish","hentry"],"_links":{"self":[{"href":"https:\/\/valdescasociados.com\/index.php?rest_route=\/wp\/v2\/pages\/2","targetHints":{"allow":["GET"]}}],"collection":[{"href":"https:\/\/valdescasociados.com\/index.php?rest_route=\/wp\/v2\/pages"}],"about":[{"href":"https:\/\/valdescasociados.com\/index.php?rest_route=\/wp\/v2\/types\/page"}],"author":[{"embeddable":true,"href":"https:\/\/valdescasociados.com\/index.php?rest_route=\/wp\/v2\/users\/2"}],"replies":[{"embeddable":true,"href":"https:\/\/valdescasociados.com\/index.php?rest_route=%2Fwp%2Fv2%2Fcomments&post=2"}],"version-history":[{"count":10,"href":"https:\/\/valdescasociados.com\/index.php?rest_route=\/wp\/v2\/pages\/2\/revisions"}],"predecessor-version":[{"id":196,"href":"https:\/\/valdescasociados.com\/index.php?rest_route=\/wp\/v2\/pages\/2\/revisions\/196"}],"wp:attachment":[{"href":"https:\/\/valdescasociados.com\/index.php?rest_route=%2Fwp%2Fv2%2Fmedia&parent=2"}],"curies":[{"name":"wp","href":"https:\/\/api.w.org\/{rel}","templated":true}]}}